
115
What is the remainder when 79 is divided by 10?
9
What is the remainder when 790 is divided by 72?
70
Calculate the remainder when 299 is divided by 4.
3
Calculate the remainder when 250 is divided by 86.
78
What is the remainder when 5844 is divided by 172?
168
Calculate the remainder when 122 is divided by 24.
2
What is the remainder when 211 is divided by 36?
31
Calculate the remainder when 5503 is divided by 16.
15
What is the remainder when 437 is divided by 10?
7
Calculate the remainder when 16177 is divided by 87.
82
Calculate the remainder when 523 is divided by 75.
73
Calculate the remainder when 57 is divided by 6.
3
What is the remainder when 117 is divided by 7?
5
Calculate the remainder when 87 is divided by 19.
11
Calculate the remainder when 2278 is divided by 10.
8
Calculate the remainder when 13 is divided by 6.
1
Calculate the remainder when 1378 is divided by 60.
58
Calculate the remainder when 1604 is divided by 776.
52
Calculate the remainder when 278 is divided by 57.
50
What is the remainder when 83 is divided by 68?
15
What is the remainder when 67 is divided by 43?
24
What is the remainder when 747 is divided by 29?
22
What is the remainder when 89 is divided by 22?
1
Calculate the remainder when 1580 is divided by 88.
84
Calculate the remainder when 974 is divided by 33.
17
Calculate the remainder when 41 is divided by 11.
8
Calculate the remainder when 59 is divided by 23.
13
Calculate the remainder when 128 is divided by 8.
0
What is the remainder when 141 is divided by 37?
30
Calculate the remainder when 811 is divided by 141.
106
What is the remainder when 80 is divided by 35?
10
Calculate the remainder when 1443 is divided by 160.
3
Calculate the remainder when 1234 is divided by 155.
149
Calculate the remainder when 5035 is divided by 11.
8
Calculate the remainder when 177 is divided by 82.
13
What is the remainder when 926 is divided by 32?
30
What is the remainder when 911 is divided by 16?
15
Calculate the remainder when 38 is divided by 21.
17
What is the remainder when 508 is divided by 30?
28
Calculate the remainder when 99 is divided by 50.
49
What is the remainder when 474 is divided by 385?
89
Calculate the remainder when 2938 is divided by 16.
10
Calculate the remainder when 90401 is divided by 38.
37
Calculate the remainder when 116 is divided by 30.
26
Calculate the remainder when 1344 is divided by 1332.
12
What is the remainder when 103 is divided by 7?
5
What is the remainder when 393 is divided by 80?
73
Calculate the remainder when 52 is divided by 17.
1
Calculate the remainder when 29 is divided by 15.
14
Calculate the remainder when 550 is divided by 192.
166
Calculate the remainder when 195 is divided by 22.
19
What is the remainder when 3480 is divided by 81?
78
Calculate the remainder when 477 is divided by 93.
12
Calculate the remainder when 238 is divided by 62.
52
Calculate the remainder when 494 is divided by 27.
8
Calculate the remainder when 223 is divided by 63.
34
Calculate the remainder when 36 is divided by 26.
10
What is the remainder when 1845 is divided by 232?
221
Calculate the remainder when 148 is divided by 44.
16
Calculate the remainder when 731 is divided by 183.
182
Calculate the remainder when 1474 is divided by 245.
4
Calculate the remainder when 37 is divided by 24.
13
What is the remainder when 61 is divided by 8?
5
What is the remainder when 2966 is divided by 34?
8
Calculate the remainder when 549 is divided by 69.
66
What is the remainder when 10 is divided by 8?
2
Calculate the remainder when 248 is divided by 3.
2
Calculate the remainder when 323 is divided by 102.
17
What is the remainder when 1739 is divided by 159?
149
Calculate the remainder when 2613 is divided by 22.
17
Calculate the remainder when 1312 is divided by 9.
7
Calculate the remainder when 1075 is divided by 135.
130
Calculate the remainder when 1846 is divided by 1829.
17
Calculate the remainder when 2710 is divided by 386.
8
What is the remainder when 275 is divided by 14?
9
Calculate the remainder when 77 is divided by 40.
37
Calculate the remainder when 31 is divided by 22.
9
Calculate the remainder when 218 is divided by 60.
38
Calculate the remainder when 14817 is divided by 130.
127
What is the remainder when 19 is divided by 15?
4
What is the remainder when 1274 is divided by 146?
106
Calculate the remainder when 1081 is divided by 321.
118
Calculate the remainder when 71 is divided by 18.
17
What is the remainder when 349 is divided by 115?
4
What is the remainder when 146 is divided by 25?
21
What is the remainder when 1473 is divided by 487?
12
Calculate the remainder when 237 is divided by 80.
77
What is the remainder when 3870 is divided by 774?
0
What is the remainder when 256 is divided by 133?
123
Calculate the remainder when 11 is divided by 10.
1
What is the remainder when 155 is divided by 5?
0
Calculate the remainder when 51 is divided by 33.
18
Calculate the remainder when 232 is divided by 78.
76
What is the remainder when 394 is divided by 372?
22
Calculate the remainder when 116 is divided by 12.
8
What is the remainder when 9421 is divided by 11?
5
What is the remainder when 597 is divided by 5?
2
Calculate the remainder when 28 is divided by 9.
1
Calculate the remainder when 478 is divided by 24.
22
What is the remainder when 332 is divided by 17?
9
What is the remainder when 409 is divided by 41?
40
What is the remainder when 32 is divided by 12?
8
Calculate the remainder when 1967 is divided by 17.
12
What is the remainder when 107 is divided by 17?
5
What is the remainder when 383 is divided by 120?
23
Calculate the remainder when 23 is divided by 5.
3
Calculate the remainder when 405 is divided by 56.
13
What is the remainder when 1106 is divided by 28?
14
Calculate the remainder when 40 is divided by 6.
4
What is the remainder when 247 is divided by 69?
40
What is the remainder when 109 is divided by 103?
6
What is the remainder when 41 is divided by 20?
1
Calculate the remainder when 1527 is divided by 62.
39
Calculate the remainder when 99 is divided by 46.
7
What is the remainder when 2083 is divided by 7?
4
What is the remainder when 701 is divided by 118?
111
Calculate the remainder when 32 is divided by 11.
10
What is the remainder when 3534 is divided by 440?
14
Calculate the remainder when 963 is divided by 22.
17
Calculate the remainder when 121 is divided by 36.
13
Calculate the remainder when 722 is divided by 30.
2
What is the remainder when 753 is divided by 29?
28
What is the remainder when 413 is divided by 23?
22
What is the remainder when 1037 is divided by 40?
37
Calculate the remainder when 1086 is divided by 136.
134
Calculate the remainder when 939 is divided by 79.
70
What is the remainder when 131 is divided by 61?
9
What is the remainder when 3005 is divided by 131?
123
What is the remainder when 2006 is divided by 57?
11
Calculate the remainder when 246 is divided by 31.
29
Calculate the remainder when 176 is divided by 64.
48
What is the remainder when 1091 is divided by 109?
1
Calculate the remainder when 90 is divided by 25.
15
What is the remainder when 515 is divided by 23?
9
Calculate the remainder when 167 is divided by 35.
27
What is the remainder when 67 is divided by 3?
1
Calculate the remainder when 1048 is divided by 1044.
4
What is the remainder when 416 is divided by 70?
66
What is the remainder when 112 is divided by 6?
4
Calculate the remainder when 134 is divided by 32.
6
What is the remainder when 320 is divided by 6?
2
What is the remainder when 6 is divided by 2?
0
Calculate the remainder when 318 is divided by 64.
62
What is the remainder when 206 is divided by 13?
11
What is the remainder when 59 is divided by 22?
15
Calculate the remainder when 414 is divided by 66.
18
Calculate the remainder when 5145 is divided by 99.
96
What is the remainder when 3850 is divided by 82?
78
What is the remainder when 47 is divided by 7?
5
What is the remainder when 213 is divided by 72?
69
What is the remainder when 518 is divided by 10?
8
Calculate the remainder when 349 is divided by 8.
5
Calculate the remainder when 120 is divided by 39.
3
Calculate the remainder when 387 is divided by 26.
23
What is the remainder when 1